{"id":147,"date":"2013-09-09T11:53:10","date_gmt":"2013-09-09T11:53:10","guid":{"rendered":"http:\/\/www.apador.org\/seamus\/?page_id=147"},"modified":"2020-08-06T19:02:06","modified_gmt":"2020-08-06T17:02:06","slug":"monitorizarea-conditiilor-de-detentie-aresturi","status":"publish","type":"page","link":"https:\/\/apador.org\/en\/monitorizarea-conditiilor-de-detentie-aresturi\/","title":{"rendered":"Monitoring visits in police lock-ups"},"content":{"rendered":"<ul class=\"lcp_catlist\" id=\"lcp_instance_1\"><li><p><a href=\"https:\/\/apador.org\/en\/raport-privind-vizita-in-centrul-de-retinere-si-arestare-preventiva-giurgiu\/\">Report on the Centre for Pre-Trial Arrest and Detention of the Giurgiu Police Inspectorate<\/a><\/p><p class=\"lcp_date\">   June 26th,  2019<\/p><a href=\"https:\/\/apador.org\/en\/raport-privind-vizita-in-centrul-de-retinere-si-arestare-preventiva-giurgiu\/\" title=\"Report on the Centre for Pre-Trial Arrest and Detention of the Giurgiu Police Inspectorate\"><img loading=\"lazy\" decoding=\"async\" width=\"100\" height=\"55\" src=\"https:\/\/apador.org\/wp-content\/uploads\/2016\/02\/pre-trial.jpg\" class=\"lcp_thumbnail wp-post-image\" alt=\"Report on the Centre for Pre-Trial Arrest and Detention of the Giurgiu Police Inspectorate\" srcset=\"https:\/\/apador.org\/wp-content\/uploads\/2016\/02\/pre-trial.jpg 650w, https:\/\/apador.org\/wp-content\/uploads\/2016\/02\/pre-trial-300x166.jpg 300w\" sizes=\"auto, (max-width: 100px) 100vw, 100px\" \/><\/a><p class=\"lcp_excerpt\">Giurgiu Centre for Pre-Trial Arrest and Detention offers inadequate detention conditions as the rooms aren\u2019t fitted with bathrooms, and in such cases ECHR considers this as degrading treatment and a breach of article 3 of the European Convention on Human rights. Considering that the detention ...<\/p><\/li><li><p><a href=\"https:\/\/apador.org\/en\/cum-rezolva-romania-supraaglomerarea-din-penitenciare-la-doi-ani-dupa-condamnarea-la-cedo\/\">Analysis of the implementation of the infrastructure measures of the action plan pertaining to the ECHR judgement in the case REZMIVE\u0218 and others v. ROMANIA<\/a><\/p><p class=\"lcp_date\">   June 26th,  2019<\/p><a href=\"https:\/\/apador.org\/en\/cum-rezolva-romania-supraaglomerarea-din-penitenciare-la-doi-ani-dupa-condamnarea-la-cedo\/\" title=\"Analysis of the implementation of the infrastructure measures of the action plan pertaining to the ECHR judgement in the case REZMIVE\u0218 and others v. ROMANIA\"><img loading=\"lazy\" decoding=\"async\" width=\"100\" height=\"54\" src=\"https:\/\/apador.org\/wp-content\/uploads\/2013\/07\/pen.jpg\" class=\"lcp_thumbnail wp-post-image\" alt=\"Analysis of the implementation of the infrastructure measures of the action plan pertaining to the ECHR judgement in the case REZMIVE\u0218 and others v. ROMANIA\" srcset=\"https:\/\/apador.org\/wp-content\/uploads\/2013\/07\/pen.jpg 650w, https:\/\/apador.org\/wp-content\/uploads\/2013\/07\/pen-300x162.jpg 300w\" sizes=\"auto, (max-width: 100px) 100vw, 100px\" \/><\/a><p class=\"lcp_excerpt\">In the penitentiary system, despite the important releases of the past two years, the overcrowding continues to exceed the detention capacity. Investments in the modernization of existing premises or in creating new ones are at this moment lacking taking into consideration its necessary amplitude in ...<\/p><\/li><li><p><a href=\"https:\/\/apador.org\/en\/raport-asupra-vizitei-in-centrul-de-retinere-si-arestare-preventiva-din-subordinea-inspectoratului-judetean-de-politie-dolj\/\">Raport asupra vizitei \u00een Centrul de re\u021binere \u0219i arestare preventiv\u0103 din subordinea Inspectoratului Jude\u021bean de Poli\u021bie Dolj<\/a><\/p><p class=\"lcp_date\">   June 19th,  2019<\/p><a href=\"https:\/\/apador.org\/en\/raport-asupra-vizitei-in-centrul-de-retinere-si-arestare-preventiva-din-subordinea-inspectoratului-judetean-de-politie-dolj\/\" title=\"Raport asupra vizitei \u00een Centrul de re\u021binere \u0219i arestare preventiv\u0103 din subordinea Inspectoratului Jude\u021bean de Poli\u021bie Dolj\"><img loading=\"lazy\" decoding=\"async\" width=\"100\" height=\"55\" src=\"https:\/\/apador.org\/wp-content\/uploads\/2016\/02\/pre-trial.jpg\" class=\"lcp_thumbnail wp-post-image\" alt=\"Raport asupra vizitei \u00een Centrul de re\u021binere \u0219i arestare preventiv\u0103 din subordinea Inspectoratului Jude\u021bean de Poli\u021bie Dolj\" srcset=\"https:\/\/apador.org\/wp-content\/uploads\/2016\/02\/pre-trial.jpg 650w, https:\/\/apador.org\/wp-content\/uploads\/2016\/02\/pre-trial-300x166.jpg 300w\" sizes=\"auto, (max-width: 100px) 100vw, 100px\" \/><\/a><p class=\"lcp_excerpt\">Din 2012 \u0219i p\u00e2n\u0103 azi condi\u021biile \u00een arest s-au \u00eembun\u0103t\u0103\u021bit, prin repara\u021bii, amenaj\u0103ri \u0219i achizi\u021bii noi. Totu\u0219i, senza\u021bia pe care o las\u0103 C.R.A.P Dolj, probabil \u0219i din cauza amenaj\u0103rii sale la demisol, este una de murd\u0103rie \u0219i \u00eentunecime.\n<\/p><\/li><li><p><a href=\"https:\/\/apador.org\/en\/raport-privind-vizita-in-centrul-de-retinere-si-arestare-preventiva-din-subordinea-inspectoratului-judetean-de-politie-galati\/\">Report on the APADOR-CH visit at the Pre-Trial Arrest and Detention Center under the supervision of the Galati Police County Inspectorate<\/a><\/p><p class=\"lcp_date\">   June 7th,  2019<\/p><a href=\"https:\/\/apador.org\/en\/raport-privind-vizita-in-centrul-de-retinere-si-arestare-preventiva-din-subordinea-inspectoratului-judetean-de-politie-galati\/\" title=\"Report on the APADOR-CH visit at the Pre-Trial Arrest and Detention Center under the supervision of the Galati Police County Inspectorate\"><img loading=\"lazy\" decoding=\"async\" width=\"100\" height=\"54\" src=\"https:\/\/apador.org\/wp-content\/uploads\/2013\/07\/arrest.jpg\" class=\"lcp_thumbnail wp-post-image\" alt=\"Report on the APADOR-CH visit at the Pre-Trial Arrest and Detention Center under the supervision of the Galati Police County Inspectorate\" srcset=\"https:\/\/apador.org\/wp-content\/uploads\/2013\/07\/arrest.jpg 650w, https:\/\/apador.org\/wp-content\/uploads\/2013\/07\/arrest-300x162.jpg 300w\" sizes=\"auto, (max-width: 100px) 100vw, 100px\" \/><\/a><p class=\"lcp_excerpt\">APADOR-CH draws attention on this visit as well to an unresolved systematic issue: the limited access to medical services for persons suffering from mental disorders.\n<\/p><\/li><li><p><a href=\"https:\/\/apador.org\/en\/raport-asupra-vizitei-in-centrul-de-retinere-si-arestare-preventiva-miercurea-ciuc\/\">Report on the APADOR-CH visit at the Miercurea Ciuc Pre-Trial Arrest and Detention Center<\/a><\/p><p class=\"lcp_date\">   April 24th,  2019<\/p><a href=\"https:\/\/apador.org\/en\/raport-asupra-vizitei-in-centrul-de-retinere-si-arestare-preventiva-miercurea-ciuc\/\" title=\"Report on the APADOR-CH visit at the Miercurea Ciuc Pre-Trial Arrest and Detention Center\"><img loading=\"lazy\" decoding=\"async\" width=\"100\" height=\"101\" src=\"https:\/\/apador.org\/wp-content\/uploads\/2015\/12\/04_text-page-001.jpg\" class=\"lcp_thumbnail wp-post-image\" alt=\"Report on the APADOR-CH visit at the Miercurea Ciuc Pre-Trial Arrest and Detention Center\" srcset=\"https:\/\/apador.org\/wp-content\/uploads\/2015\/12\/04_text-page-001.jpg 2564w, https:\/\/apador.org\/wp-content\/uploads\/2015\/12\/04_text-page-001-80x80.jpg 80w, https:\/\/apador.org\/wp-content\/uploads\/2015\/12\/04_text-page-001-296x300.jpg 296w, https:\/\/apador.org\/wp-content\/uploads\/2015\/12\/04_text-page-001-768x778.jpg 768w, https:\/\/apador.org\/wp-content\/uploads\/2015\/12\/04_text-page-001-1017x1030.jpg 1017w, https:\/\/apador.org\/wp-content\/uploads\/2015\/12\/04_text-page-001-1517x1536.jpg 1517w, https:\/\/apador.org\/wp-content\/uploads\/2015\/12\/04_text-page-001-2023x2048.jpg 2023w, https:\/\/apador.org\/wp-content\/uploads\/2015\/12\/04_text-page-001-36x36.jpg 36w, https:\/\/apador.org\/wp-content\/uploads\/2015\/12\/04_text-page-001-180x180.jpg 180w, https:\/\/apador.org\/wp-content\/uploads\/2015\/12\/04_text-page-001-1482x1500.jpg 1482w, https:\/\/apador.org\/wp-content\/uploads\/2015\/12\/04_text-page-001-696x705.jpg 696w, https:\/\/apador.org\/wp-content\/uploads\/2015\/12\/04_text-page-001-790x800.jpg 790w\" sizes=\"auto, (max-width: 100px) 100vw, 100px\" \/><\/a><p class=\"lcp_excerpt\">The Association requests the continuation of the acquisition process once the 2019 budget is operational, considering the condition of the detention spaces that require urgent and extensive investment.\n<\/p><\/li><li><p><a href=\"https:\/\/apador.org\/en\/raport-asupra-vizitei-in-centrul-de-retinere-si-arestare-preventiva-nr-1-bucuresti\/\">Report on the visit of the Centre for Pre-Trial Arrest and Detention No. 1, situated in Bucharest<\/a><\/p><p class=\"lcp_date\">   April 6th,  2019<\/p><a href=\"https:\/\/apador.org\/en\/raport-asupra-vizitei-in-centrul-de-retinere-si-arestare-preventiva-nr-1-bucuresti\/\" title=\"Report on the visit of the Centre for Pre-Trial Arrest and Detention No. 1, situated in Bucharest\"><img loading=\"lazy\" decoding=\"async\" width=\"100\" height=\"55\" src=\"https:\/\/apador.org\/wp-content\/uploads\/2016\/02\/pre-trial.jpg\" class=\"lcp_thumbnail wp-post-image\" alt=\"Report on the visit of the Centre for Pre-Trial Arrest and Detention No. 1, situated in Bucharest\" srcset=\"https:\/\/apador.org\/wp-content\/uploads\/2016\/02\/pre-trial.jpg 650w, https:\/\/apador.org\/wp-content\/uploads\/2016\/02\/pre-trial-300x166.jpg 300w\" sizes=\"auto, (max-width: 100px) 100vw, 100px\" \/><\/a><p class=\"lcp_excerpt\">APADOR -CH reports that although the underground floor has been completely renovated, the Centre is still in need of funds for the renovation of the ground floor, where the women are detained. All 11 rooms with a total area surface of 88.53 sqm are in ...<\/p><\/li><li><p><a href=\"https:\/\/apador.org\/en\/raport-privind-vizita-in-centrul-de-retinere-si-arestare-preventiva-nr-1-din-bucuresti\/\">Raport privind vizita \u00een Centrul de Re\u021binere si Arestare Preventiv\u0103 nr. 1 din Bucure\u0219ti<\/a><\/p><p class=\"lcp_date\">   July 30th,  2016<\/p><a href=\"https:\/\/apador.org\/en\/raport-privind-vizita-in-centrul-de-retinere-si-arestare-preventiva-nr-1-din-bucuresti\/\" title=\"Raport privind vizita \u00een Centrul de Re\u021binere si Arestare Preventiv\u0103 nr. 1 din Bucure\u0219ti\"><img loading=\"lazy\" decoding=\"async\" width=\"100\" height=\"101\" src=\"https:\/\/apador.org\/wp-content\/uploads\/2015\/12\/04_text-page-001.jpg\" class=\"lcp_thumbnail wp-post-image\" alt=\"Raport privind vizita \u00een Centrul de Re\u021binere si Arestare Preventiv\u0103 nr. 1 din Bucure\u0219ti\" srcset=\"https:\/\/apador.org\/wp-content\/uploads\/2015\/12\/04_text-page-001.jpg 2564w, https:\/\/apador.org\/wp-content\/uploads\/2015\/12\/04_text-page-001-80x80.jpg 80w, https:\/\/apador.org\/wp-content\/uploads\/2015\/12\/04_text-page-001-296x300.jpg 296w, https:\/\/apador.org\/wp-content\/uploads\/2015\/12\/04_text-page-001-768x778.jpg 768w, https:\/\/apador.org\/wp-content\/uploads\/2015\/12\/04_text-page-001-1017x1030.jpg 1017w, https:\/\/apador.org\/wp-content\/uploads\/2015\/12\/04_text-page-001-1517x1536.jpg 1517w, https:\/\/apador.org\/wp-content\/uploads\/2015\/12\/04_text-page-001-2023x2048.jpg 2023w, https:\/\/apador.org\/wp-content\/uploads\/2015\/12\/04_text-page-001-36x36.jpg 36w, https:\/\/apador.org\/wp-content\/uploads\/2015\/12\/04_text-page-001-180x180.jpg 180w, https:\/\/apador.org\/wp-content\/uploads\/2015\/12\/04_text-page-001-1482x1500.jpg 1482w, https:\/\/apador.org\/wp-content\/uploads\/2015\/12\/04_text-page-001-696x705.jpg 696w, https:\/\/apador.org\/wp-content\/uploads\/2015\/12\/04_text-page-001-790x800.jpg 790w\" sizes=\"auto, (max-width: 100px) 100vw, 100px\" \/><\/a><p class=\"lcp_excerpt\">De\u0219i s-a schimbat t\u00e2mpl\u0103ria \u0219i s-au monttat aparate de aer condi\u021bionat, camerele sunt igrasioase \u0219i infestate cu insecte.\n<\/p><\/li><\/ul><ul class='lcp_paginator'><li class='lcp_currentpage'>1<\/li><li><a href='https:\/\/apador.org\/en\/wp-json\/wp\/v2\/pages\/147?lcp_page1=2#lcp_instance_1' title='2'>2<\/a><\/li><li><a href='https:\/\/apador.org\/en\/wp-json\/wp\/v2\/pages\/147?lcp_page1=3#lcp_instance_1' title='3'>3<\/a><\/li><li><a href='https:\/\/apador.org\/en\/wp-json\/wp\/v2\/pages\/147?lcp_page1=4#lcp_instance_1' title='4'>4<\/a><\/li><li><a href='https:\/\/apador.org\/en\/wp-json\/wp\/v2\/pages\/147?lcp_page1=5#lcp_instance_1' title='5'>5<\/a><\/li><li><a href='https:\/\/apador.org\/en\/wp-json\/wp\/v2\/pages\/147?lcp_page1=6#lcp_instance_1' title='6'>6<\/a><\/li><span class='lcp_elipsis'>...<\/span><li><a href='https:\/\/apador.org\/en\/wp-json\/wp\/v2\/pages\/147?lcp_page1=9#lcp_instance_1' title='9'>9<\/a><\/li><li><a href='https:\/\/apador.org\/en\/wp-json\/wp\/v2\/pages\/147?lcp_page1=2#lcp_instance_1' title='2' class='lcp_nextlink'>&gt;&gt;<\/a><\/li><\/ul>","protected":false},"excerpt":{"rendered":"<p>Sorry, this entry is only available in Rom\u00e2n\u0103. For the sake of viewer convenience, the content is shown below in the alternative language. You may click the link to switch the active language.<\/p>\n","protected":false},"author":2,"featured_media":0,"parent":0,"menu_order":0,"comment_status":"closed","ping_status":"closed","template":"","meta":{"footnotes":""},"class_list":["post-147","page","type-page","status-publish","hentry"],"_links":{"self":[{"href":"https:\/\/apador.org\/en\/wp-json\/wp\/v2\/pages\/147","targetHints":{"allow":["GET"]}}],"collection":[{"href":"https:\/\/apador.org\/en\/wp-json\/wp\/v2\/pages"}],"about":[{"href":"https:\/\/apador.org\/en\/wp-json\/wp\/v2\/types\/page"}],"author":[{"embeddable":true,"href":"https:\/\/apador.org\/en\/wp-json\/wp\/v2\/users\/2"}],"replies":[{"embeddable":true,"href":"https:\/\/apador.org\/en\/wp-json\/wp\/v2\/comments?post=147"}],"version-history":[{"count":0,"href":"https:\/\/apador.org\/en\/wp-json\/wp\/v2\/pages\/147\/revisions"}],"wp:attachment":[{"href":"https:\/\/apador.org\/en\/wp-json\/wp\/v2\/media?parent=147"}],"curies":[{"name":"wp","href":"https:\/\/api.w.org\/{rel}","templated":true}]}}

<ul class="lcp_catlist" id="lcp_instance_1"><li><p><a href="https://apador.org/en/raport-privind-vizita-in-centrul-de-retinere-si-arestare-preventiva-giurgiu/">Report on the Centre for Pre-Trial Arrest and Detention of the Giurgiu Police Inspectorate</a></p><p class="lcp_date">   June 26th,  2019</p><a href="https://apador.org/en/raport-privind-vizita-in-centrul-de-retinere-si-arestare-preventiva-giurgiu/" title="Report on the Centre for Pre-Trial Arrest and Detention of the Giurgiu Police Inspectorate"><img loading="lazy" decoding="async" width="100" height="55" src="https://apador.org/wp-content/uploads/2016/02/pre-trial.jpg" class="lcp_thumbnail wp-post-image" alt="Report on the Centre for Pre-Trial Arrest and Detention of the Giurgiu Police Inspectorate" srcset="https://apador.org/wp-content/uploads/2016/02/pre-trial.jpg 650w, https://apador.org/wp-content/uploads/2016/02/pre-trial-300x166.jpg 300w" sizes="auto, (max-width: 100px) 100vw, 100px" /></a><p class="lcp_excerpt">Giurgiu Centre for Pre-Trial Arrest and Detention offers inadequate detention conditions as the rooms aren’t fitted with bathrooms, and in such cases ECHR considers this as degrading treatment and a breach of article 3 of the European Convention on Human rights. Considering that the detention ...</p></li><li><p><a href="https://apador.org/en/cum-rezolva-romania-supraaglomerarea-din-penitenciare-la-doi-ani-dupa-condamnarea-la-cedo/">Analysis of the implementation of the infrastructure measures of the action plan pertaining to the ECHR judgement in the case REZMIVEȘ and others v. ROMANIA</a></p><p class="lcp_date">   June 26th,  2019</p><a href="https://apador.org/en/cum-rezolva-romania-supraaglomerarea-din-penitenciare-la-doi-ani-dupa-condamnarea-la-cedo/" title="Analysis of the implementation of the infrastructure measures of the action plan pertaining to the ECHR judgement in the case REZMIVEȘ and others v. ROMANIA"><img loading="lazy" decoding="async" width="100" height="54" src="https://apador.org/wp-content/uploads/2013/07/pen.jpg" class="lcp_thumbnail wp-post-image" alt="Analysis of the implementation of the infrastructure measures of the action plan pertaining to the ECHR judgement in the case REZMIVEȘ and others v. ROMANIA" srcset="https://apador.org/wp-content/uploads/2013/07/pen.jpg 650w, https://apador.org/wp-content/uploads/2013/07/pen-300x162.jpg 300w" sizes="auto, (max-width: 100px) 100vw, 100px" /></a><p class="lcp_excerpt">In the penitentiary system, despite the important releases of the past two years, the overcrowding continues to exceed the detention capacity. Investments in the modernization of existing premises or in creating new ones are at this moment lacking taking into consideration its necessary amplitude in ...</p></li><li><p><a href="https://apador.org/en/raport-asupra-vizitei-in-centrul-de-retinere-si-arestare-preventiva-din-subordinea-inspectoratului-judetean-de-politie-dolj/">Raport asupra vizitei în Centrul de reținere și arestare preventivă din subordinea Inspectoratului Județean de Poliție Dolj</a></p><p class="lcp_date">   June 19th,  2019</p><a href="https://apador.org/en/raport-asupra-vizitei-in-centrul-de-retinere-si-arestare-preventiva-din-subordinea-inspectoratului-judetean-de-politie-dolj/" title="Raport asupra vizitei în Centrul de reținere și arestare preventivă din subordinea Inspectoratului Județean de Poliție Dolj"><img loading="lazy" decoding="async" width="100" height="55" src="https://apador.org/wp-content/uploads/2016/02/pre-trial.jpg" class="lcp_thumbnail wp-post-image" alt="Raport asupra vizitei în Centrul de reținere și arestare preventivă din subordinea Inspectoratului Județean de Poliție Dolj" srcset="https://apador.org/wp-content/uploads/2016/02/pre-trial.jpg 650w, https://apador.org/wp-content/uploads/2016/02/pre-trial-300x166.jpg 300w" sizes="auto, (max-width: 100px) 100vw, 100px" /></a><p class="lcp_excerpt">Din 2012 și până azi condițiile în arest s-au îmbunătățit, prin reparații, amenajări și achiziții noi. Totuși, senzația pe care o lasă C.R.A.P Dolj, probabil și din cauza amenajării sale la demisol, este una de murdărie și întunecime.
</p></li><li><p><a href="https://apador.org/en/raport-privind-vizita-in-centrul-de-retinere-si-arestare-preventiva-din-subordinea-inspectoratului-judetean-de-politie-galati/">Report on the APADOR-CH visit at the Pre-Trial Arrest and Detention Center under the supervision of the Galati Police County Inspectorate</a></p><p class="lcp_date">   June 7th,  2019</p><a href="https://apador.org/en/raport-privind-vizita-in-centrul-de-retinere-si-arestare-preventiva-din-subordinea-inspectoratului-judetean-de-politie-galati/" title="Report on the APADOR-CH visit at the Pre-Trial Arrest and Detention Center under the supervision of the Galati Police County Inspectorate"><img loading="lazy" decoding="async" width="100" height="54" src="https://apador.org/wp-content/uploads/2013/07/arrest.jpg" class="lcp_thumbnail wp-post-image" alt="Report on the APADOR-CH visit at the Pre-Trial Arrest and Detention Center under the supervision of the Galati Police County Inspectorate" srcset="https://apador.org/wp-content/uploads/2013/07/arrest.jpg 650w, https://apador.org/wp-content/uploads/2013/07/arrest-300x162.jpg 300w" sizes="auto, (max-width: 100px) 100vw, 100px" /></a><p class="lcp_excerpt">APADOR-CH draws attention on this visit as well to an unresolved systematic issue: the limited access to medical services for persons suffering from mental disorders.
</p></li><li><p><a href="https://apador.org/en/raport-asupra-vizitei-in-centrul-de-retinere-si-arestare-preventiva-miercurea-ciuc/">Report on the APADOR-CH visit at the Miercurea Ciuc Pre-Trial Arrest and Detention Center</a></p><p class="lcp_date">   April 24th,  2019</p><a href="https://apador.org/en/raport-asupra-vizitei-in-centrul-de-retinere-si-arestare-preventiva-miercurea-ciuc/" title="Report on the APADOR-CH visit at the Miercurea Ciuc Pre-Trial Arrest and Detention Center"><img loading="lazy" decoding="async" width="100" height="101" src="https://apador.org/wp-content/uploads/2015/12/04_text-page-001.jpg" class="lcp_thumbnail wp-post-image" alt="Report on the APADOR-CH visit at the Miercurea Ciuc Pre-Trial Arrest and Detention Center" srcset="https://apador.org/wp-content/uploads/2015/12/04_text-page-001.jpg 2564w, https://apador.org/wp-content/uploads/2015/12/04_text-page-001-80x80.jpg 80w, https://apador.org/wp-content/uploads/2015/12/04_text-page-001-296x300.jpg 296w, https://apador.org/wp-content/uploads/2015/12/04_text-page-001-768x778.jpg 768w, https://apador.org/wp-content/uploads/2015/12/04_text-page-001-1017x1030.jpg 1017w, https://apador.org/wp-content/uploads/2015/12/04_text-page-001-1517x1536.jpg 1517w, https://apador.org/wp-content/uploads/2015/12/04_text-page-001-2023x2048.jpg 2023w, https://apador.org/wp-content/uploads/2015/12/04_text-page-001-36x36.jpg 36w, https://apador.org/wp-content/uploads/2015/12/04_text-page-001-180x180.jpg 180w, https://apador.org/wp-content/uploads/2015/12/04_text-page-001-1482x1500.jpg 1482w, https://apador.org/wp-content/uploads/2015/12/04_text-page-001-696x705.jpg 696w, https://apador.org/wp-content/uploads/2015/12/04_text-page-001-790x800.jpg 790w" sizes="auto, (max-width: 100px) 100vw, 100px" /></a><p class="lcp_excerpt">The Association requests the continuation of the acquisition process once the 2019 budget is operational, considering the condition of the detention spaces that require urgent and extensive investment.
</p></li><li><p><a href="https://apador.org/en/raport-asupra-vizitei-in-centrul-de-retinere-si-arestare-preventiva-nr-1-bucuresti/">Report on the visit of the Centre for Pre-Trial Arrest and Detention No. 1, situated in Bucharest</a></p><p class="lcp_date">   April 6th,  2019</p><a href="https://apador.org/en/raport-asupra-vizitei-in-centrul-de-retinere-si-arestare-preventiva-nr-1-bucuresti/" title="Report on the visit of the Centre for Pre-Trial Arrest and Detention No. 1, situated in Bucharest"><img loading="lazy" decoding="async" width="100" height="55" src="https://apador.org/wp-content/uploads/2016/02/pre-trial.jpg" class="lcp_thumbnail wp-post-image" alt="Report on the visit of the Centre for Pre-Trial Arrest and Detention No. 1, situated in Bucharest" srcset="https://apador.org/wp-content/uploads/2016/02/pre-trial.jpg 650w, https://apador.org/wp-content/uploads/2016/02/pre-trial-300x166.jpg 300w" sizes="auto, (max-width: 100px) 100vw, 100px" /></a><p class="lcp_excerpt">APADOR -CH reports that although the underground floor has been completely renovated, the Centre is still in need of funds for the renovation of the ground floor, where the women are detained. All 11 rooms with a total area surface of 88.53 sqm are in ...</p></li><li><p><a href="https://apador.org/en/raport-privind-vizita-in-centrul-de-retinere-si-arestare-preventiva-nr-1-din-bucuresti/">Raport privind vizita în Centrul de Reținere si Arestare Preventivă nr. 1 din București</a></p><p class="lcp_date">   July 30th,  2016</p><a href="https://apador.org/en/raport-privind-vizita-in-centrul-de-retinere-si-arestare-preventiva-nr-1-din-bucuresti/" title="Raport privind vizita în Centrul de Reținere si Arestare Preventivă nr. 1 din București"><img loading="lazy" decoding="async" width="100" height="101" src="https://apador.org/wp-content/uploads/2015/12/04_text-page-001.jpg" class="lcp_thumbnail wp-post-image" alt="Raport privind vizita în Centrul de Reținere si Arestare Preventivă nr. 1 din București" srcset="https://apador.org/wp-content/uploads/2015/12/04_text-page-001.jpg 2564w, https://apador.org/wp-content/uploads/2015/12/04_text-page-001-80x80.jpg 80w, https://apador.org/wp-content/uploads/2015/12/04_text-page-001-296x300.jpg 296w, https://apador.org/wp-content/uploads/2015/12/04_text-page-001-768x778.jpg 768w, https://apador.org/wp-content/uploads/2015/12/04_text-page-001-1017x1030.jpg 1017w, https://apador.org/wp-content/uploads/2015/12/04_text-page-001-1517x1536.jpg 1517w, https://apador.org/wp-content/uploads/2015/12/04_text-page-001-2023x2048.jpg 2023w, https://apador.org/wp-content/uploads/2015/12/04_text-page-001-36x36.jpg 36w, https://apador.org/wp-content/uploads/2015/12/04_text-page-001-180x180.jpg 180w, https://apador.org/wp-content/uploads/2015/12/04_text-page-001-1482x1500.jpg 1482w, https://apador.org/wp-content/uploads/2015/12/04_text-page-001-696x705.jpg 696w, https://apador.org/wp-content/uploads/2015/12/04_text-page-001-790x800.jpg 790w" sizes="auto, (max-width: 100px) 100vw, 100px" /></a><p class="lcp_excerpt">Deși s-a schimbat tâmplăria și s-au monttat aparate de aer condiționat, camerele sunt igrasioase și infestate cu insecte.
</p></li></ul><ul class='lcp_paginator'><li class='lcp_currentpage'>1</li><li><a href='https://apador.org/en/wp-json/wp/v2/pages/147?lcp_page1=2#lcp_instance_1' title='2'>2</a></li><li><a href='https://apador.org/en/wp-json/wp/v2/pages/147?lcp_page1=3#lcp_instance_1' title='3'>3</a></li><li><a href='https://apador.org/en/wp-json/wp/v2/pages/147?lcp_page1=4#lcp_instance_1' title='4'>4</a></li><li><a href='https://apador.org/en/wp-json/wp/v2/pages/147?lcp_page1=5#lcp_instance_1' title='5'>5</a></li><li><a href='https://apador.org/en/wp-json/wp/v2/pages/147?lcp_page1=6#lcp_instance_1' title='6'>6</a></li><span class='lcp_elipsis'>...</span><li><a href='https://apador.org/en/wp-json/wp/v2/pages/147?lcp_page1=9#lcp_instance_1' title='9'>9</a></li><li><a href='https://apador.org/en/wp-json/wp/v2/pages/147?lcp_page1=2#lcp_instance_1' title='2' class='lcp_nextlink'>&gt;&gt;</a></li></ul>

<p>Sorry, this entry is only available in Română. For the sake of viewer convenience, the content is shown below in the alternative language. You may click the link to switch the active language.</p>
