{"id":956,"date":"2014-02-06T08:57:37","date_gmt":"2014-02-06T08:57:37","guid":{"rendered":"http:\/\/www.apador.org\/seamus\/?page_id=956"},"modified":"2020-08-12T14:14:12","modified_gmt":"2020-08-12T12:14:12","slug":"proiecte-finalizate","status":"publish","type":"page","link":"https:\/\/apador.org\/en\/proiecte-finalizate\/","title":{"rendered":"Finalized projects"},"content":{"rendered":"<ul class=\"lcp_catlist\" id=\"lcp_instance_1\"><li><p><a href=\"https:\/\/apador.org\/en\/charta-ue-in-sprijinul-spatiului-civic-din-romania\/\">Carta UE \u00een sprijinul spa\u021biului civic din Rom\u00e2nia<\/a><\/p><p class=\"lcp_date\">   August 19th, 2024<\/p><a href=\"https:\/\/apador.org\/en\/charta-ue-in-sprijinul-spatiului-civic-din-romania\/\" title=\"Carta UE \u00een sprijinul spa\u021biului civic din Rom\u00e2nia\"><img loading=\"lazy\" decoding=\"async\" width=\"100\" height=\"37\" src=\"https:\/\/apador.org\/wp-content\/uploads\/2024\/08\/cerv-strive2.jpg\" class=\"lcp_thumbnail wp-post-image\" alt=\"Carta UE \u00een sprijinul spa\u021biului civic din Rom\u00e2nia\" srcset=\"https:\/\/apador.org\/wp-content\/uploads\/2024\/08\/cerv-strive2.jpg 1000w, https:\/\/apador.org\/wp-content\/uploads\/2024\/08\/cerv-strive2-300x112.jpg 300w, https:\/\/apador.org\/wp-content\/uploads\/2024\/08\/cerv-strive2-768x286.jpg 768w, https:\/\/apador.org\/wp-content\/uploads\/2024\/08\/cerv-strive2-705x262.jpg 705w, https:\/\/apador.org\/wp-content\/uploads\/2024\/08\/cerv-strive2-845x321.jpg 845w\" sizes=\"auto, (max-width: 100px) 100vw, 100px\" \/><\/a><p class=\"lcp_excerpt\">Proiectul de fa\u021b\u0103 \u00ee\u0219i propune s\u0103 g\u0103seasc\u0103 \u0219i s\u0103 propun\u0103 instrumente de contracarare a fenomenului de mic\u0219orare a spa\u021biului civic, pe baza Cartei UE \u0219i a legisla\u021biei europene, pentru diversele p\u0103r\u021bi interesate.\n<\/p><\/li><li><p><a href=\"https:\/\/apador.org\/en\/ajutam-politistii-sa-fluiere-democratic\/\">Whistleblowing the police horn for democracy<\/a><\/p><p class=\"lcp_date\">   January 16th, 2024<\/p><a href=\"https:\/\/apador.org\/en\/ajutam-politistii-sa-fluiere-democratic\/\" title=\"Whistleblowing the police horn for democracy\"><img loading=\"lazy\" decoding=\"async\" width=\"100\" height=\"33\" src=\"https:\/\/apador.org\/wp-content\/uploads\/2024\/01\/logos-1.png\" class=\"lcp_thumbnail wp-post-image\" alt=\"Whistleblowing the police horn for democracy\" srcset=\"https:\/\/apador.org\/wp-content\/uploads\/2024\/01\/logos-1.png 934w, https:\/\/apador.org\/wp-content\/uploads\/2024\/01\/logos-1-300x100.png 300w, https:\/\/apador.org\/wp-content\/uploads\/2024\/01\/logos-1-768x257.png 768w, https:\/\/apador.org\/wp-content\/uploads\/2024\/01\/logos-1-705x236.png 705w\" sizes=\"auto, (max-width: 100px) 100vw, 100px\" \/><\/a><p class=\"lcp_excerpt\">Between January and December 2024, APADOR-CH will contribute to amending the legislation and practice of the police and gendarmerie, for the inclusion and recognition of the role of whistleblowers in the proper functioning of the two institutions.\n<\/p><\/li><li><p><a href=\"https:\/\/apador.org\/en\/libertate-de-exprimare-cu-sprijin-de-la-cedo\/\">Protecting Freedom of Expression by Supporting ECtHR Implementation<\/a><\/p><p class=\"lcp_date\">   September 29th, 2023<\/p><a href=\"https:\/\/apador.org\/en\/libertate-de-exprimare-cu-sprijin-de-la-cedo\/\" title=\"Protecting Freedom of Expression by Supporting ECtHR Implementation\"><img loading=\"lazy\" decoding=\"async\" width=\"100\" height=\"56\" src=\"https:\/\/apador.org\/wp-content\/uploads\/2023\/09\/journalists.jpg\" class=\"lcp_thumbnail wp-post-image\" alt=\"Protecting Freedom of Expression by Supporting ECtHR Implementation\" srcset=\"https:\/\/apador.org\/wp-content\/uploads\/2023\/09\/journalists.jpg 870w, https:\/\/apador.org\/wp-content\/uploads\/2023\/09\/journalists-300x169.jpg 300w, https:\/\/apador.org\/wp-content\/uploads\/2023\/09\/journalists-768x432.jpg 768w, https:\/\/apador.org\/wp-content\/uploads\/2023\/09\/journalists-705x396.jpg 705w\" sizes=\"auto, (max-width: 100px) 100vw, 100px\" \/><\/a><p class=\"lcp_excerpt\">Together with EIN and other partners, we are committed to championing freedom of expression and upholding democratic values throughout Europe.\n<\/p><\/li><li><p><a href=\"https:\/\/apador.org\/en\/ned-consolidarea-societatii-civile-in-europa-de-est-2022-2024\/\">NED &#8211; Strengthen the resilience of civil society in East Europe<\/a><\/p><p class=\"lcp_date\">   January 17th, 2022<\/p><a href=\"https:\/\/apador.org\/en\/ned-consolidarea-societatii-civile-in-europa-de-est-2022-2024\/\" title=\"NED - Strengthen the resilience of civil society in East Europe\"><img loading=\"lazy\" decoding=\"async\" width=\"100\" height=\"25\" src=\"https:\/\/apador.org\/wp-content\/uploads\/2019\/07\/logo-ned.png\" class=\"lcp_thumbnail wp-post-image\" alt=\"NED - Strengthen the resilience of civil society in East Europe\" srcset=\"https:\/\/apador.org\/wp-content\/uploads\/2019\/07\/logo-ned.png 420w, https:\/\/apador.org\/wp-content\/uploads\/2019\/07\/logo-ned-300x74.png 300w\" sizes=\"auto, (max-width: 100px) 100vw, 100px\" \/><\/a><p class=\"lcp_excerpt\">This project aims to strengthen the resilience of civil society organizations in Central Europe.\n<\/p><\/li><li><p><a href=\"https:\/\/apador.org\/en\/solid-un-program-de-consolidare-a-protectiei-avertizorilor-de-integritate\/\">SOLID &#8211; a program to strengthen whistleblower\u2019s protection<\/a><\/p><p class=\"lcp_date\">   March 23rd, 2021<\/p><a href=\"https:\/\/apador.org\/en\/solid-un-program-de-consolidare-a-protectiei-avertizorilor-de-integritate\/\" title=\"SOLID - a program to strengthen whistleblower\u2019s protection\"><img loading=\"lazy\" decoding=\"async\" width=\"100\" height=\"51\" src=\"https:\/\/apador.org\/wp-content\/uploads\/2021\/03\/sigla.jpg\" class=\"lcp_thumbnail wp-post-image\" alt=\"SOLID - a program to strengthen whistleblower\u2019s protection\" srcset=\"https:\/\/apador.org\/wp-content\/uploads\/2021\/03\/sigla.jpg 600w, https:\/\/apador.org\/wp-content\/uploads\/2021\/03\/sigla-300x154.jpg 300w\" sizes=\"auto, (max-width: 100px) 100vw, 100px\" \/><\/a><p class=\"lcp_excerpt\">Public awareness of the role of integrity warners (whistleblowers) in Romanian society and strengthening this role by creating an effective protection system, in collaboration with state institutions and the private sector.\n<\/p><\/li><li><p><a href=\"https:\/\/apador.org\/en\/egalitatea-in-sistemele-de-justitie-penala-in-ue\/\">Egalitatea \u00een sistemele de justi\u021bie penal\u0103 \u00een UE<\/a><\/p><p class=\"lcp_date\">   March 23rd, 2021<\/p><a href=\"https:\/\/apador.org\/en\/egalitatea-in-sistemele-de-justitie-penala-in-ue\/\" title=\"Egalitatea \u00een sistemele de justi\u021bie penal\u0103 \u00een UE\"><img loading=\"lazy\" decoding=\"async\" width=\"100\" height=\"57\" src=\"https:\/\/apador.org\/wp-content\/uploads\/2021\/03\/sigle-1.jpg\" class=\"lcp_thumbnail wp-post-image\" alt=\"Egalitatea \u00een sistemele de justi\u021bie penal\u0103 \u00een UE\" srcset=\"https:\/\/apador.org\/wp-content\/uploads\/2021\/03\/sigle-1.jpg 600w, https:\/\/apador.org\/wp-content\/uploads\/2021\/03\/sigle-1-300x171.jpg 300w\" sizes=\"auto, (max-width: 100px) 100vw, 100px\" \/><\/a><p class=\"lcp_excerpt\">Proiectul EQUALITYDATA va explora diferen\u021bele rasiale \u0219i etnice \u0219i practicile discriminatorii \u00een sistemele de justi\u021bie penal\u0103 din Bulgaria, Rom\u00e2nia, Grecia \u0219i Belgia, pe baza cercet\u0103rilor \u0219i statisticilor oficiale \u0219i chestionarelor na\u021bionale \u00een r\u00e2ndul de\u021binu\u021bilor. Proiectul se \u00eentinde pe 18 luni \u0219i \u00ee\u0219i propune s\u0103 chestioneze ...<\/p><\/li><li><p><a href=\"https:\/\/apador.org\/en\/drepturile-in-sectia-de-politie-de-la-lege-la-practica\/\">From law to practice: Strengthening procedural rights in police custody<\/a><\/p><p class=\"lcp_date\">   March 10th, 2021<\/p><a href=\"https:\/\/apador.org\/en\/drepturile-in-sectia-de-politie-de-la-lege-la-practica\/\" title=\"From law to practice: Strengthening procedural rights in police custody\"><img loading=\"lazy\" decoding=\"async\" width=\"100\" height=\"59\" src=\"https:\/\/apador.org\/wp-content\/uploads\/2021\/03\/sigle.jpg\" class=\"lcp_thumbnail wp-post-image\" alt=\"From law to practice: Strengthening procedural rights in police custody\" srcset=\"https:\/\/apador.org\/wp-content\/uploads\/2021\/03\/sigle.jpg 600w, https:\/\/apador.org\/wp-content\/uploads\/2021\/03\/sigle-300x177.jpg 300w\" sizes=\"auto, (max-width: 100px) 100vw, 100px\" \/><\/a><p class=\"lcp_excerpt\">Improving procedural rights in police stations by promoting and sharing best practices at European level\n<\/p><\/li><\/ul><ul class='lcp_paginator'><li class='lcp_currentpage'>1<\/li><li><a href='https:\/\/apador.org\/en\/wp-json\/wp\/v2\/pages\/956?lcp_page1=2#lcp_instance_1' title='2'>2<\/a><\/li><li><a href='https:\/\/apador.org\/en\/wp-json\/wp\/v2\/pages\/956?lcp_page1=3#lcp_instance_1' title='3'>3<\/a><\/li><li><a href='https:\/\/apador.org\/en\/wp-json\/wp\/v2\/pages\/956?lcp_page1=4#lcp_instance_1' title='4'>4<\/a><\/li><li><a href='https:\/\/apador.org\/en\/wp-json\/wp\/v2\/pages\/956?lcp_page1=5#lcp_instance_1' title='5'>5<\/a><\/li><li><a href='https:\/\/apador.org\/en\/wp-json\/wp\/v2\/pages\/956?lcp_page1=6#lcp_instance_1' title='6'>6<\/a><\/li><span class='lcp_elipsis'>...<\/span><li><a href='https:\/\/apador.org\/en\/wp-json\/wp\/v2\/pages\/956?lcp_page1=9#lcp_instance_1' title='9'>9<\/a><\/li><li><a href='https:\/\/apador.org\/en\/wp-json\/wp\/v2\/pages\/956?lcp_page1=2#lcp_instance_1' title='2' class='lcp_nextlink'>&gt;&gt;<\/a><\/li><\/ul>","protected":false},"excerpt":{"rendered":"<p>Sorry, this entry is only available in Rom\u00e2n\u0103. For the sake of viewer convenience, the content is shown below in the alternative language. You may click the link to switch the active language.<\/p>\n","protected":false},"author":2,"featured_media":0,"parent":0,"menu_order":0,"comment_status":"closed","ping_status":"open","template":"","meta":{"footnotes":""},"class_list":["post-956","page","type-page","status-publish","hentry"],"_links":{"self":[{"href":"https:\/\/apador.org\/en\/wp-json\/wp\/v2\/pages\/956","targetHints":{"allow":["GET"]}}],"collection":[{"href":"https:\/\/apador.org\/en\/wp-json\/wp\/v2\/pages"}],"about":[{"href":"https:\/\/apador.org\/en\/wp-json\/wp\/v2\/types\/page"}],"author":[{"embeddable":true,"href":"https:\/\/apador.org\/en\/wp-json\/wp\/v2\/users\/2"}],"replies":[{"embeddable":true,"href":"https:\/\/apador.org\/en\/wp-json\/wp\/v2\/comments?post=956"}],"version-history":[{"count":0,"href":"https:\/\/apador.org\/en\/wp-json\/wp\/v2\/pages\/956\/revisions"}],"wp:attachment":[{"href":"https:\/\/apador.org\/en\/wp-json\/wp\/v2\/media?parent=956"}],"curies":[{"name":"wp","href":"https:\/\/api.w.org\/{rel}","templated":true}]}}

<ul class="lcp_catlist" id="lcp_instance_1"><li><p><a href="https://apador.org/en/charta-ue-in-sprijinul-spatiului-civic-din-romania/">Carta UE în sprijinul spațiului civic din România</a></p><p class="lcp_date">   August 19th, 2024</p><a href="https://apador.org/en/charta-ue-in-sprijinul-spatiului-civic-din-romania/" title="Carta UE în sprijinul spațiului civic din România"><img loading="lazy" decoding="async" width="100" height="37" src="https://apador.org/wp-content/uploads/2024/08/cerv-strive2.jpg" class="lcp_thumbnail wp-post-image" alt="Carta UE în sprijinul spațiului civic din România" srcset="https://apador.org/wp-content/uploads/2024/08/cerv-strive2.jpg 1000w, https://apador.org/wp-content/uploads/2024/08/cerv-strive2-300x112.jpg 300w, https://apador.org/wp-content/uploads/2024/08/cerv-strive2-768x286.jpg 768w, https://apador.org/wp-content/uploads/2024/08/cerv-strive2-705x262.jpg 705w, https://apador.org/wp-content/uploads/2024/08/cerv-strive2-845x321.jpg 845w" sizes="auto, (max-width: 100px) 100vw, 100px" /></a><p class="lcp_excerpt">Proiectul de față își propune să găsească și să propună instrumente de contracarare a fenomenului de micșorare a spațiului civic, pe baza Cartei UE și a legislației europene, pentru diversele părți interesate.
</p></li><li><p><a href="https://apador.org/en/ajutam-politistii-sa-fluiere-democratic/">Whistleblowing the police horn for democracy</a></p><p class="lcp_date">   January 16th, 2024</p><a href="https://apador.org/en/ajutam-politistii-sa-fluiere-democratic/" title="Whistleblowing the police horn for democracy"><img loading="lazy" decoding="async" width="100" height="33" src="https://apador.org/wp-content/uploads/2024/01/logos-1.png" class="lcp_thumbnail wp-post-image" alt="Whistleblowing the police horn for democracy" srcset="https://apador.org/wp-content/uploads/2024/01/logos-1.png 934w, https://apador.org/wp-content/uploads/2024/01/logos-1-300x100.png 300w, https://apador.org/wp-content/uploads/2024/01/logos-1-768x257.png 768w, https://apador.org/wp-content/uploads/2024/01/logos-1-705x236.png 705w" sizes="auto, (max-width: 100px) 100vw, 100px" /></a><p class="lcp_excerpt">Between January and December 2024, APADOR-CH will contribute to amending the legislation and practice of the police and gendarmerie, for the inclusion and recognition of the role of whistleblowers in the proper functioning of the two institutions.
</p></li><li><p><a href="https://apador.org/en/libertate-de-exprimare-cu-sprijin-de-la-cedo/">Protecting Freedom of Expression by Supporting ECtHR Implementation</a></p><p class="lcp_date">   September 29th, 2023</p><a href="https://apador.org/en/libertate-de-exprimare-cu-sprijin-de-la-cedo/" title="Protecting Freedom of Expression by Supporting ECtHR Implementation"><img loading="lazy" decoding="async" width="100" height="56" src="https://apador.org/wp-content/uploads/2023/09/journalists.jpg" class="lcp_thumbnail wp-post-image" alt="Protecting Freedom of Expression by Supporting ECtHR Implementation" srcset="https://apador.org/wp-content/uploads/2023/09/journalists.jpg 870w, https://apador.org/wp-content/uploads/2023/09/journalists-300x169.jpg 300w, https://apador.org/wp-content/uploads/2023/09/journalists-768x432.jpg 768w, https://apador.org/wp-content/uploads/2023/09/journalists-705x396.jpg 705w" sizes="auto, (max-width: 100px) 100vw, 100px" /></a><p class="lcp_excerpt">Together with EIN and other partners, we are committed to championing freedom of expression and upholding democratic values throughout Europe.
</p></li><li><p><a href="https://apador.org/en/ned-consolidarea-societatii-civile-in-europa-de-est-2022-2024/">NED &#8211; Strengthen the resilience of civil society in East Europe</a></p><p class="lcp_date">   January 17th, 2022</p><a href="https://apador.org/en/ned-consolidarea-societatii-civile-in-europa-de-est-2022-2024/" title="NED - Strengthen the resilience of civil society in East Europe"><img loading="lazy" decoding="async" width="100" height="25" src="https://apador.org/wp-content/uploads/2019/07/logo-ned.png" class="lcp_thumbnail wp-post-image" alt="NED - Strengthen the resilience of civil society in East Europe" srcset="https://apador.org/wp-content/uploads/2019/07/logo-ned.png 420w, https://apador.org/wp-content/uploads/2019/07/logo-ned-300x74.png 300w" sizes="auto, (max-width: 100px) 100vw, 100px" /></a><p class="lcp_excerpt">This project aims to strengthen the resilience of civil society organizations in Central Europe.
</p></li><li><p><a href="https://apador.org/en/solid-un-program-de-consolidare-a-protectiei-avertizorilor-de-integritate/">SOLID &#8211; a program to strengthen whistleblower’s protection</a></p><p class="lcp_date">   March 23rd, 2021</p><a href="https://apador.org/en/solid-un-program-de-consolidare-a-protectiei-avertizorilor-de-integritate/" title="SOLID - a program to strengthen whistleblower’s protection"><img loading="lazy" decoding="async" width="100" height="51" src="https://apador.org/wp-content/uploads/2021/03/sigla.jpg" class="lcp_thumbnail wp-post-image" alt="SOLID - a program to strengthen whistleblower’s protection" srcset="https://apador.org/wp-content/uploads/2021/03/sigla.jpg 600w, https://apador.org/wp-content/uploads/2021/03/sigla-300x154.jpg 300w" sizes="auto, (max-width: 100px) 100vw, 100px" /></a><p class="lcp_excerpt">Public awareness of the role of integrity warners (whistleblowers) in Romanian society and strengthening this role by creating an effective protection system, in collaboration with state institutions and the private sector.
</p></li><li><p><a href="https://apador.org/en/egalitatea-in-sistemele-de-justitie-penala-in-ue/">Egalitatea în sistemele de justiție penală în UE</a></p><p class="lcp_date">   March 23rd, 2021</p><a href="https://apador.org/en/egalitatea-in-sistemele-de-justitie-penala-in-ue/" title="Egalitatea în sistemele de justiție penală în UE"><img loading="lazy" decoding="async" width="100" height="57" src="https://apador.org/wp-content/uploads/2021/03/sigle-1.jpg" class="lcp_thumbnail wp-post-image" alt="Egalitatea în sistemele de justiție penală în UE" srcset="https://apador.org/wp-content/uploads/2021/03/sigle-1.jpg 600w, https://apador.org/wp-content/uploads/2021/03/sigle-1-300x171.jpg 300w" sizes="auto, (max-width: 100px) 100vw, 100px" /></a><p class="lcp_excerpt">Proiectul EQUALITYDATA va explora diferențele rasiale și etnice și practicile discriminatorii în sistemele de justiție penală din Bulgaria, România, Grecia și Belgia, pe baza cercetărilor și statisticilor oficiale și chestionarelor naționale în rândul deținuților. Proiectul se întinde pe 18 luni și își propune să chestioneze ...</p></li><li><p><a href="https://apador.org/en/drepturile-in-sectia-de-politie-de-la-lege-la-practica/">From law to practice: Strengthening procedural rights in police custody</a></p><p class="lcp_date">   March 10th, 2021</p><a href="https://apador.org/en/drepturile-in-sectia-de-politie-de-la-lege-la-practica/" title="From law to practice: Strengthening procedural rights in police custody"><img loading="lazy" decoding="async" width="100" height="59" src="https://apador.org/wp-content/uploads/2021/03/sigle.jpg" class="lcp_thumbnail wp-post-image" alt="From law to practice: Strengthening procedural rights in police custody" srcset="https://apador.org/wp-content/uploads/2021/03/sigle.jpg 600w, https://apador.org/wp-content/uploads/2021/03/sigle-300x177.jpg 300w" sizes="auto, (max-width: 100px) 100vw, 100px" /></a><p class="lcp_excerpt">Improving procedural rights in police stations by promoting and sharing best practices at European level
</p></li></ul><ul class='lcp_paginator'><li class='lcp_currentpage'>1</li><li><a href='https://apador.org/en/wp-json/wp/v2/pages/956?lcp_page1=2#lcp_instance_1' title='2'>2</a></li><li><a href='https://apador.org/en/wp-json/wp/v2/pages/956?lcp_page1=3#lcp_instance_1' title='3'>3</a></li><li><a href='https://apador.org/en/wp-json/wp/v2/pages/956?lcp_page1=4#lcp_instance_1' title='4'>4</a></li><li><a href='https://apador.org/en/wp-json/wp/v2/pages/956?lcp_page1=5#lcp_instance_1' title='5'>5</a></li><li><a href='https://apador.org/en/wp-json/wp/v2/pages/956?lcp_page1=6#lcp_instance_1' title='6'>6</a></li><span class='lcp_elipsis'>...</span><li><a href='https://apador.org/en/wp-json/wp/v2/pages/956?lcp_page1=9#lcp_instance_1' title='9'>9</a></li><li><a href='https://apador.org/en/wp-json/wp/v2/pages/956?lcp_page1=2#lcp_instance_1' title='2' class='lcp_nextlink'>&gt;&gt;</a></li></ul>

<p>Sorry, this entry is only available in Română. For the sake of viewer convenience, the content is shown below in the alternative language. You may click the link to switch the active language.</p>
